= -669*s - 110908. What is o(-170)?
2822
Let h(m) = 27*m**2 + 440*m - 223. Calculate h(-16).
-351
Let p(f) = -21*f**2 + 554*f + 132. Give p(27).
-219
Let v(f) = 67*f**2 - 535*f - 619. What is v(9)?
-7
Let a(i) = -13937*i + 167235. What is a(12)?
-9
Let a(n) = -253*n + 19181. Determine a(75).
206
Let c(z) = 200*z - 7083. What is c(35)?
-83
Let j(d) = -2*d**2 - 105*d - 794. Calculate j(-44).
-46
Let k(n) = -4*n**3 + 58*n**2 - 2286*n + 31603. Calculate k(14).
-9
Let t(d) = 164*d + 1172. What is t(-17)?
-1616
Let x(s) = -1011*s - 35448. Determine x(-35).
-63
Let k(f) = -f**2 - 330*f - 13181. Determine k(-282).
355
Let f(b) = -31*b**2 + 341*b + 395. Calculate f(13).
-411
Let r(i) = i**3 + 27*i**2 - 538*i - 7690. Give r(-36).
14
Let i(j) = -j**3 + 673*j**2 + 13144*j - 85. Calculate i(-19).
-9
Let n(j) = 793*j + 2459. What is n(-4)?
-713
Let x(r) = -2*r**3 - 76*r**2 - 181*r - 3971. Determine x(-37).
-12
Let j(a) = 28550*a - 114508. Calculate j(4).
-308
Let z(r) = -r**2 - 102*r + 82075. Calculate z(-342).
-5
Let h(o) = 7*o**3 + 246*o - 12. Calculate h(0).
-12
Let q(n) = 159*n**3 - 1910*n**2 - 110*n + 1606. Give q(12).
-2
Let m(x) = x**2 + 1012*x + 16914. Give m(-17).
-1
Let p(k) = 2*k**2 + 230*k - 65973. Give p(133).
-5
Let t(h) = -4*h**2 - 142*h - 1020. Calculate t(-10).
0
Let s(x) = -52*x + 1107. Determine s(22).
-37
Let c(j) = 24086*j - 3540636. Determine c(147).
6
Let c(a) = 2*a**3 - 29*a**2 + 38*a - 287. Calculate c(14).
49
Let w(s) = 6*s**2 + 9441*s + 56599. Give w(-6).
169
Let k(g) = g**2 - 1581*g - 63151. Determine k(-39).
29
Let m(w) = w**2 - 268*w - 1818. Calculate m(-7).
107
Let i(m) = 4*m**3 - 17*m**2 - 84*m - 15. Give i(7).
-64
Let a(r) = 5858*r - 5763. Calculate a(1).
95
Let z(m) = 2*m**2 - 53336*m + 319963. Calculate z(6).
19
Let s(p) = -375674*p + 1502697. What is s(4)?
1
Let c(u) = -84*u + 1613. Determine c(18).
101
Let u(b) = -7*b**2 - 710*b - 3262. Determine u(-5).
113
Let d(w) = w**2 + 1675*w + 206757. Calculate d(-134).
263
Let n(h) = -12*h**2 + 1633*h - 39659. Give n(32).
309
Let p(r) = -2398*r - 21075. Give p(-9).
507
Let p(h) = 36829*h + 441949. What is p(-12)?
1
Let p(z) = -3*z**2 - 5729*z - 235279. What is p(-42)?
47
Let z(s) = -131*s**2 + 56706*s + 7381. Give z(433).
20
Let r(t) = -43*t**3 + 474*t**2 + 4*t - 177. Calculate r(11).
-12
Let l(z) = z**2 + 559*z - 30446. Calculate l(50).
4
Let q(o) = 582*o + 88873. Give q(-151).
991
Let x(n) = -195*n**2 + 1399*n + 1551. Determine x(-1).
-43
Let d(k) = 6*k**2 - 31241*k - 62483. Calculate d(-2).
23
Let w(m) = 8989*m - 134703. What is w(15)?
132
Let h(o) = o**2 + 247095*o - 1729709. What is h(7)?
5
Let f(h) = -588*h + 18822. Calculate f(32).
6
Let i(w) = -17*w**2 + 93*w - 140. Calculate i(-5).
-1030
Let v(a) = 623*a**3 + 37*a**2 - 24*a + 1. Calculate v(-1).
-561
Let w(f) = f**3 - 9*f**2 + 51*f - 573. What is w(11)?
230
Let y(k) = -3*k**3 - 34*k**2 - 18*k + 95. Determine y(-10).
-125
Let k(p) = -p**3 + 188*p**2 - 123*p + 23104. Give k(188).
-20
Let t(m) = -29*m**2 + 294*m - 293. Calculate t(9).
4
Let t(n) = n**3 - 43*n**2 + 5029*n - 209578. What is t(42)?
-124
Let b(g) = 84*g**2 - 1325*g - 2987. Calculate b(-2).
-1
Let s(b) = 3*b**3 - 504*b**2 + 37*b - 6179. Calculate s(168).
37
Let q(u) = 161*u - 1212. What is q(9)?
237
Let d(o) = -2*o**2 + 265*o - 30. Calculate d(135).
-705
Let y(u) = -6*u**3 - 648*u**2 + 2*u + 192. What is y(-108)?
-24
Let i(z) = 2*z**3 + 314*z**2 - 643*z - 851. What is i(-159)?
262
Let x(h) = -31356*h + 188076. What is x(6)?
-60
Let r(c) = 1223*c - 9242. Give r(10).
2988
Let s(l) = -183*l + 47829. Calculate s(261).
66
Let a(l) = -91617*l + 2473701. What is a(27)?
42
Let q(z) = 6*z**3 - 5*z**2 + 29*z - 154. What is q(5)?
616
Let i(k) = -274*k - 13121. Give i(-50).
579
Let j(o) = 2*o**3 - 120*o**2 + 1751*o + 25. Determine j(25).
50
Let d(v) = -v**2 - 5261*v - 99726. Determine d(-19).
-128
Let t(d) = d**2 - 4851*d + 4. Give t(0).
4
Let w(k) = 717*k + 179558. What is w(-251)?
-409
Let i(j) = -2*j**3 + 649*j**2 - 941*j - 9034. Determine i(323).
10
Let v(g) = -38*g + 3623. Determine v(67).
1077
Let n(d) = d**3 - 823*d**2 + 555*d + 219483. What is n(822)?
9
Let y(v) = 20*v**2 + 5072*v + 22908. What is y(-249)?
0
Let q(y) = y**3 + 93*y**2 + 1436*y + 43. What is q(-20)?
523
Let r(d) = 4*d**3 - 24*d**2 + 102*d. What is r(5)?
410
Let h(g) = 4*g**3 + 93*g**2 - 47*g + 564. Determine h(-24).
-36
Let t(x) = 12*x**2 + 698*x + 4107. Calculate t(-6).
351
Let w(u) = 188*u - 25322. Give w(127).
-1446
Let c(b) = -b**3 + 135*b**2 + 400*b - 17241. Calculate c(137).
21
Let z(y) = -7*y**3 - 38*y**2 - 47*y + 99. What is z(-11)?
5335
Let i(r) = r**3 + 53*r**2 - 218*r + 482. Determine i(-57).
-88
Let d(q) = -44778*q - 985109. Calculate d(-22).
7
Let l(p) = -p**3 - 87*p**2 - 368*p + 9562. Determine l(-81).
4
Let c(o) = -14*o**3 - 52*o**2 - 27*o - 7. What is c(-3)?
-16
Let b(h) = 7459364*h - 22378092. Give b(3).
0
Let p(g) = -1345*g**2 + 368*g - 367. Calculate p(1).
-1344
Let m(q) = 32880*q - 460294. Calculate m(14).
26
Let b(m) = 1916*m + 11559. Give b(-6).
63
Let a(y) = -4*y**3 - 500*y**2 + 2068*y + 296. What is a(-129)?
-220
Let q(c) = -3*c**2 + 2273*c + 602659. Give q(-208).
83
Let f(b) = -1132*b + 8142. Give f(7).
218
Let b(p) = -8*p**2 - 1327*p - 96. What is b(-166)?
-262
Let l(t) = -1204*t + 30365. What is l(25)?
265
Let z(m) = -1572*m - 19756. What is z(-13)?
680
Let g(k) = -2*k**2 + 532*k - 5712. Determine g(11).
-102
Let t(l) = -68575*l + 5074559. Calculate t(74).
9
Let r(y) = -3501*y + 49. Determine r(0).
49
Let d(q) = 36435*q + 36451. Give d(-1).
16
Let d(m) = 5339*m - 5611398. What is d(1051)?
-109
Let s(t) = 166*t**2 - 27373*t - 2786. Calculate s(165).
19
Let y(a) = -a**2 - 211*a - 6491. What is y(-37)?
-53
Let m(k) = 42441*k - 42449. Give m(1).
-8
Let r(n) = 17*n**2 + 473*n + 405. What is r(-28)?
489
Let a(z) = 3762*z + 7102. Calculate a(-2).
-422
Let p(f) = -6*f**2 - 7*f + 2. Determine p(-17).
-1613
Let q(m) = 1577*m - 645060. Give q(409).
-67
Let z(b) = -647*b - 2831. Determine z(-4).
-243
Let w(p) = -297*p - 21789. Give w(-72).
-405
Let j(x) = -63*x + 323. What is j(4)?
71
Let r(d) = 1031*d**2 - 90760*d + 2822. Determine r(88).
6
Let p(t) = -787*t + 23627. Give p(30).
17
Let m(i) = 13420*i - 295769. Determine m(22).
-529
Let c(u) = -u**3 + 57*u**2 + 3656*u - 207097. Calculate c(55).
33
Let i(u) = u**3 - 66*u**2 + 162*u + 228. What is i(64)?
2404
Let z(a) = -3*a**3 + 25*a**2 - 590*a + 3287. Determine z(6).
-1
Let k(u) = 69*u**2 - 380*u - 135. What is k(6)?
69
Let v(q) = q**3 + 449*q**2 - 974*q - 235857. Give v(-450).
-57
Let k(j) = j**3 - 82*j**2 - 310*j + 105. Give k(-4).
-31
Let m(f) = -43*f**2 + 8*f - 8. Calculate m(-5).
-1123
Let v(n) = -613960*n + 1841874. Give v(3).
-6
Let g(b) = b**3 + 48*b**2 + 546*b + 1775. Calculate g(-33).
92
Let m(f) = -12*f**3 + 3398*f**2 - 675*f + 30844. Determine m(283).
-3
Let d(m) = 51*m**3 + 20*m**2 + 38*m + 1. Calculate d(-2).
-403
Let q(s) = -4*s**3 + 34*s**2 + 810*s - 11962. Determine q(15).
-5662
Let h(g) = -g**3 - 49*g**2 - 196*g - 327. Calculate h(-45).
393
Let p(z) = -3660*z - 25. Calculate p(0).
-25
Let k(b) = -11928618*b + 47714477. Determine k(4).
5
Let z(w) = 9*w**3 + 19*w**2 - 200*w - 81. Give z(4).
-1
Let o(s) = -814980*s + 6519834. Determine o(8).
-6
Let s(w) = 40*w**3 - 14*w**2 + 26*w - 3. Determine s(2).
313
Let d(c) = -2*c**3 - 30*c**2 - 54*c + 491. Determine d(-13).
517
Let f(l) = 13203*l + 21296455. Calculate f(-1613).
16
Let j(n) = -2*n**2 - 497*n + 192602. What is j(210)?
32
Let d(l) = -9*l**2 - 247*l + 3444. Give d(13).
-1288
Let i(r) = -47*r**2 + 4124*r + 1078. What is i(88)?
22
Let k(w) = 611*w - 1056. Give k(2).
166
Let k(y) = 518*y - 100600. Determine k(193).
-626
Let m(b) = -7*b**3 + 17*b**2 + 207*b - 406. Determine m(2).
20
Let g(w) = 179820*w + 71208728. Calculate g(-396).
8
Let t(m) = -2*m**3 - 70*m**2 + 244*m - 200. Calculate t(-40).
6040
Let c(l) = -33*l**2 + 966*l + 1933. Calculate c(-2).
-131
Let j(i) = -1198*i**2 - 10795*i + 1. Calculate j(-9).
118
Let j(m) = 28*m**2 + 63*m - 453. What is j(-9)?
1248
Let q(r) = -3*r**3 + 318*r**2 + 307*r + 2037. What is q(107)?
539
Let p(s) = 28606*s - 429102. What is p(15)?
-12
Let v(l) = 473*l**2 + 111*l + 16. Determine v(-2).
1686
Let g(z) = -30508*z + 61000. Give g